{"id":7176,"date":"2019-08-19T14:52:10","date_gmt":"2019-08-19T18:52:10","guid":{"rendered":"http:\/\/12tribus.net\/escritura\/?page_id=7176"},"modified":"2019-08-19T14:52:10","modified_gmt":"2019-08-19T18:52:10","slug":"plan-de-lectura-para-la-biblia","status":"publish","type":"page","link":"https:\/\/12tribus.net\/escritura\/plan-de-lectura-para-la-biblia\/","title":{"rendered":"Plan de Lectura para la Biblia"},"content":{"rendered":"<div class=\"plan\" lang=\"es\">El libro m\u00e1s popular del mundo es la Biblia; m\u00e1s de 100 millones se venden o regalan cada a\u00f1o. Es ir\u00f3nico, c\u00f3mo la gran mayor\u00eda de la gente nunca lo ha le\u00eddo por completo. Muchos de los que poseen este libro lo usan como una especie de decoraci\u00f3n, abierta al libro de los Salmos que acumula polvo. Como todos deber\u00edamos saber, los libros est\u00e1n destinados a ser le\u00eddos. Pero este no es un libro ordinario, es milagroso que incluso exista. Cualquiera estar\u00eda de acuerdo en que generalmente es una buena idea en alg\u00fan momento leerlo. La mayor\u00eda no pod\u00eda imaginar que es posible leer todo el libro en un a\u00f1o. Por ejemplo, el primer libro de la Biblia llamado G\u00e9nesis contiene 50 cap\u00edtulos y podr\u00eda leerse completamente en 3.5 horas. Cr\u00e9eme, una vez que lo levantes y comiences a leerlo, no querr\u00e1s dejarlo. Por supuesto, si va a leerlo como gu\u00eda, inspiraci\u00f3n y beneficios espirituales; es posible que desee detenerse m\u00e1s en \u00e9l. Dado que en ese momento se han dado cuenta de que no es un libro ordinario. Mi consejo es, si vas a hacer este viaje de un a\u00f1o. Olvides todo lo que pensaba saber sobre la Biblia. No haga suposiciones, no tenga creencias previas que lo cieguen de lo que realmente dice. Cuando comience a leer con una mente abierta, sus emociones pueden ser puesto a prueba, no deje que eso le impida a continuar. Finalmente, se recomienda comenzar en G\u00e9nesis y leer los libros en orden. Sin embargo, los primeros cap\u00edtulos de G\u00e9nesis son muy dif\u00edciles de entender para un principiante, esto es por dise\u00f1o. Para hacer el lector buscar a los ense\u00f1adores (justos) Israelita para explicar las escrituras. V\u00e9ase, <a href=\"http:\/\/12tribus.net\/escritura\/neh08\/#V8\" target=\"_blank\" rel=\"noopener noreferrer\"><b>Nehem\u00edas 8:8<\/b><\/a> y <a href=\"http:\/\/12tribus.net\/escritura\/act08\/#V30\" target=\"_blank\" rel=\"noopener noreferrer\"><b>Hechos 8:30-31<\/b><\/a>.<\/div>\n<div class=\"plan\" lang=\"es\">Si completa la lectura de la Biblia, se mejorar\u00e1 y posiblemente desee aprender m\u00e1s. Ya que hay otros niveles avanzados de leer las Escrituras. V\u00e9ase, <a href=\"http:\/\/12tribus.net\/escritura\/isa28\/#V9\" target=\"_blank\" rel=\"noopener noreferrer\"><b>Isa\u00edas 28:9-12<\/b><\/a>. <b>Ap\u00f3crifa Eclesi\u00e1stico 24:38<\/b> <i>\u201cEl primero no acabo de conocerla, ni el ultimo la acabo de sacar de rastro.\u201d<\/i><\/div>\n<h3 style=\"text-align: center;\" lang=\"es\">Aqu\u00ed esta el plan de lectura de un a\u00f1o para seguir que incluye los Ap\u00f3crifos: <a href=\"http:\/\/12t.co\/doc\/LecturaPlanBiblia.pdf\">http:\/\/12t.co\/doc\/LecturaPlanBiblia.pdf<\/a><\/p>\n","protected":false},"excerpt":{"rendered":"<p>El libro m\u00e1s popular del mundo es la Biblia; m\u00e1s de 100 millones se venden o regalan cada a\u00f1o. Es ir\u00f3nico, c\u00f3mo la gran mayor\u00eda de la gente nunca lo ha le\u00eddo por completo. Muchos de los que poseen este libro lo usan como una especie de decoraci\u00f3n, abierta al libro de los Salmos que acumula polvo. Como todos deber\u00edamos saber, los libros est\u00e1n destinados a ser le\u00eddos. Pero este no es un libro ordinario, es milagroso que incluso exista. Cualquiera estar\u00eda de acuerdo en que generalmente es una buena idea en alg\u00fan momento leerlo. La mayor\u00eda no pod\u00eda imaginar que es posible leer todo el libro en un a\u00f1o. Por ejemplo, el primer libro de la Biblia llamado G\u00e9nesis contiene 50 cap\u00edtulos y podr\u00eda leerse completamente en 3.5 horas. Cr\u00e9eme, una vez que lo levantes y comiences a leerlo, no querr\u00e1s dejarlo. Por supuesto, si va a leerlo como gu\u00eda, inspiraci\u00f3n y beneficios espirituales; es posible que desee detenerse m\u00e1s en \u00e9l. Dado que en ese momento se han dado cuenta de que no es un libro ordinario. Mi consejo es, si vas a hacer este viaje de un a\u00f1o. Olvides todo lo que pensaba saber sobre la Biblia. No haga suposiciones, no tenga creencias previas que lo cieguen de lo que realmente dice. Cuando comience a leer con una mente abierta, sus emociones pueden ser puesto a prueba, no deje que eso le impida a continuar. Finalmente, se recomienda comenzar en G\u00e9nesis y leer los libros en orden. Sin embargo, los primeros cap\u00edtulos de G\u00e9nesis son muy dif\u00edciles de entender para un principiante, esto es por dise\u00f1o. Para hacer el lector buscar a los ense\u00f1adores (justos) Israelita para explicar las escrituras. V\u00e9ase, Nehem\u00edas 8:8 y Hechos 8:30-31. Si completa la lectura de la Biblia, se mejorar\u00e1 y posiblemente&#8230;<\/p>\n","protected":false},"author":1,"featured_media":0,"parent":0,"menu_order":0,"comment_status":"closed","ping_status":"closed","template":"","meta":{"jetpack_post_was_ever_published":false,"footnotes":""},"class_list":["post-7176","page","type-page","status-publish","hentry"],"jetpack_sharing_enabled":true,"_links":{"self":[{"href":"https:\/\/12tribus.net\/escritura\/wp-json\/wp\/v2\/pages\/7176","targetHints":{"allow":["GET"]}}],"collection":[{"href":"https:\/\/12tribus.net\/escritura\/wp-json\/wp\/v2\/pages"}],"about":[{"href":"https:\/\/12tribus.net\/escritura\/wp-json\/wp\/v2\/types\/page"}],"author":[{"embeddable":true,"href":"https:\/\/12tribus.net\/escritura\/wp-json\/wp\/v2\/users\/1"}],"replies":[{"embeddable":true,"href":"https:\/\/12tribus.net\/escritura\/wp-json\/wp\/v2\/comments?post=7176"}],"version-history":[{"count":1,"href":"https:\/\/12tribus.net\/escritura\/wp-json\/wp\/v2\/pages\/7176\/revisions"}],"predecessor-version":[{"id":7178,"href":"https:\/\/12tribus.net\/escritura\/wp-json\/wp\/v2\/pages\/7176\/revisions\/7178"}],"wp:attachment":[{"href":"https:\/\/12tribus.net\/escritura\/wp-json\/wp\/v2\/media?parent=7176"}],"curies":[{"name":"wp","href":"https:\/\/api.w.org\/{rel}","templated":true}]}}